 divided by u(2).
25
Suppose -5*q - 1 = -11. Suppose 4*c - 5*c - 36 = -q*m, 0 = m + 3*c - 11. What is the remainder when 49 is divided by m?
15
Let b(p) = 4*p - 3. Let i be b(2). Suppose -i*o = 4*u - 32, 0*o + 4*u - 16 = -o. Calculate the remainder when ((-22)/4)/(2/(-4)) is divided by o.
3
Let s = 0 + 3. What is the remainder when 38 - (-1)/(1/s) is divided by 22?
19
Suppose -5*n - 4*s + 279 = 0, n - 5*s = 5*n - 216. What is the remainder when n is divided by 20?
19
Let z = 158 + -153. What is the remainder when z is divided by 1?
0
Let c(l) = -2*l + 25. What is the remainder when 177 is divided by c(-10)?
42
Let s = 1 + -3. What is the remainder when 12 is divided by ((-7)/s)/((-1)/(-2))?
5
Suppose 3*a + 1 = -2*n + 5, -2*a - 5*n = 1. Suppose 0 = -7*u + a*u + 45. Calculate the remainder when 17 is divided by u.
8
Let x(q) = 7*q + 1. What is the remainder when x(3) is divided by 30/4*16/10?
10
Let d(i) = -7*i**3 + 2*i**2 + 2*i + 1. Suppose s = 4*q - 89, -2*q = 5*s - 20 - 19. Calculate the remainder when q is divided by d(-1).
6
Let x(h) be the third derivative of 2*h**4/3 - 5*h**3/6 + 9*h**2. Suppose -5*j + 9 = -61. What is the remainder when x(2) is divided by j?
13
Let b = -1 - -13. What is the remainder when b is divided by 5?
2
Let n(c) = 8*c**3 - c**2 + 2*c - 3. What is the remainder when n(2) is divided by 4/7 + (-1080)/(-70)?
13
Let a(o) = o + 65. What is the remainder when a(0) is divided by 23?
19
Let b(k) = -4*k. Calculate the remainder when (6 - -40)/(-1 - -3) is divided by b(-3).
11
Suppose -5*h - 4*q + 43 + 14 = 0, 49 = 3*h - 5*q. Suppose -2*y = -y - 17. What is the remainder when (h - 2)/((-1)/(-3)) is divided by y?
16
Let a = 114 + -105. What is the remainder when 53 is divided by a?
8
Let h = -7 - -7. Suppose 0 = -h*n + n + 6. Calculate the remainder when (-1 - (-14)/n)*-6 is divided by 7.
6
Suppose -120 = -5*n - 4*o, 6 - 19 = -n - 3*o. What is the remainder when n is divided by 15?
13
Let g be (80/(-6))/(2/(-6)). What is the remainder when 72/(-10)*g/(-6) is divided by 17?
14
Let h = 6 + 3. Let s(g) = g**2 + 4*g - 8. What is the remainder when s(-8) is divided by h?
6
Calculate the remainder when 88/(-3)*9/(-6) is divided by (-2)/6 + 92/6.
14
Let v = 13 - -4. Let k(f) = -f**3 + 3*f**2 - 4*f**2 - 2*f**2 - 5*f - 4. What is the remainder when k(-4) is divided by v?
15
Suppose 0 = -4*l - 5*t + 33, -2*t + 12 = 2*l - 6. Suppose -270 + 40 = -5*v. Calculate the remainder when v is divided by l.
10
Let n(j) = -j - 3. Calculate the remainder when 7 is divided by n(-5).
1
Let i(a) = -a**3 - a**2 + a + 7. Let l be i(0). What is the remainder when 23 is divided by l*(1 + (-5)/(-7))?
11
Calculate the remainder when 30 is divided by 16/(-6)*(-3 - 0).
6
Suppose -5*m + 26 = t, -176 = -4*t + 5*m + 53. Calculate the remainder when t is divided by 36*(6/4 + -1).
15
Let j = -19 + 45. Calculate the remainder when 77 is divided by j.
25
Let r = -7 + 12. What is the remainder when 22 is divided by r?
2
Suppose 2*v + 5 = -5*w - 3, 0 = -v - 2*w - 4. Suppose d + 5 = 2*d - 4*y, 2*d - y - 45 = 0. Calculate the remainder when d + 2*(-2)/v is divided by 14.
12
Let x(s) = 22*s**2 + s - 2. Calculate the remainder when (-12)/9*246/(-4) is divided by x(1).
19
Suppose 4*m - 25 = -m. Suppose q = -3*q + 2*t + 194, -q = m*t - 54. What is the remainder when q is divided by 13?
10
Let v = 4 + -4. Suppose -11 = -v*l - l. Calculate the remainder when l is divided by 7.
4
Suppose -m + 14 = -2*r + 4*r, 3*r - 27 = -3*m. Let a(v) = 2*v + 6 + 0*v - m*v. Calculate the remainder when 38 is divided by a(-7).
18
Let g be -1*((-2 - 0) + 1). Let w = g - -2. Suppose 5*m - 10 = 0, w*z + 36 = 7*z - 2*m. What is the remainder when 28 is divided by z?
8
Let c(j) be the second derivative of -j**3/6 + 19*j**2/2 + 9*j. What is the remainder when 33 is divided by c(10)?
6
Suppose -5*m + 4 = -4*c + 40, c + 2*m + 4 = 0. Let x(a) = a**3 - 4*a**2 + a + 1. What is the remainder when 19 is divided by x(c)?
4
Let x(i) = i**2 - 3*i. What is the remainder when 69 is divided by x(-3)?
15
Suppose -4*g = -2 - 2. Suppose 0 = -3*v - 2*q - 3 + g, -5*q - 18 = v. Suppose 2*p = p + 2*t - 7, -4*p = t - 8. Calculate the remainder when v is divided by p.
0
Let y(a) = -11*a + 21. What is the remainder when y(-6) is divided by 22?
21
Let c = 74 + 24. Calculate the remainder when c is divided by 34.
30
Let h(r) = -r**2 - 10*r - 16. Calculate the remainder when 37 is divided by h(-6).
5
Suppose 4*k = k - 156. What is the remainder when 14/49 - k/14 is divided by 2?
0
Suppose 3*m + 0*i + 2*i = 124, 5*m - 210 = -4*i. Let d(z) = z**3 + 5*z**2 - 11*z - 24. What is the remainder when m is divided by d(-2)?
8
Suppose -23 = -3*i + 28. Let f = i - 10. What is the remainder when f is divided by (-4)/(-6) + 26/6?
2
Let m = 17 + -5. What is the remainder when m is divided by 5?
2
Suppose 5*z + j = 54, -j + 2*j + 23 = 2*z. What is the remainder when 41 + -2 + (-1)/(-1) is divided by z?
7
Suppose 0 = -4*l + 5*l - 5. Suppose 0 = -0*n - l*n - 5. Calculate the remainder when (44 + n)*(-2 - -3) is divided by 22.
21
Let k(g) = g**3 - 4*g**2 + 1 + 0 - 3*g - 2 + 4*g. Let r = -5 - -9. What is the remainder when 4 is divided by k(r)?
1
Suppose 2*c - 24 = -2*c. Suppose j - c*j = -145. Calculate the remainder when j is divided by 16.
13
What is the remainder when 27 is divided by (3 + -5)/6 - (-98)/6?
11
Suppose d - a + 4*a = 19, -12 = -3*a. What is the remainder when 18 is divided by d?
4
Let u(w) = 6*w - 1. Let g be u(-2). Let l = 21 + g. What is the remainder when 29 is divided by l?
5
Let d(x) = x**3 - 6*x**2 + 6*x - 7. Suppose -k = 2*k - 15. Let p be d(k). Calculate the remainder when -82*(1 + 3/p) is divided by 14.
13
Suppose -5*r + 78 = 18. What is the remainder when 22 is divided by r?
10
Let s(v) = v**3 - v**2 - v + 32. Let u be s(0). Suppose 2*n = 5*n - t - u, -4*n + 40 = -2*t. What is the remainder when 21 is divided by n?
9
Suppose n - 3*n + 92 = 5*v, 2*n + 8 = 0. What is the remainder when 37 is divided by v?
17
Suppose -4*a + 4 = -64. What is the remainder when a is divided by 6?
5
Let o = 6 + 1. Calculate the remainder when 12 is divided by o.
5
Let i = 65 + -7. Calculate the remainder when i is divided by 12.
10
Let w(a) = a**3 - 5*a**2 - 4*a - 2. Calculate the remainder when w(6) is divided by 4.
2
Let l be (-6)/(-2)*8/6. Let j(n) be the second derivative of n**5/20 - n**4/12 - n**3/3 - 3*n**2/2 + 12*n. What is the remainder when j(l) is divided by 10?
7
Let x(o) = -2*o - 2 + 5*o**2 + 4*o**3 - 3 - 3*o**3. Let n = -13 - -8. Calculate the remainder when 8 is divided by x(n).
3
Let w = 32 + 39. Calculate the remainder when w is divided by 18.
17
Let k(w) = w**2 + 5. Let y be k(0). Suppose -3*c + y = -4. Calculate the remainder when 7 is divided by c.
1
Suppose 66 + 9 = -b. Let t = 196 + b. Calculate the remainder when t is divided by 31.
28
Let r = 25 - 23. Suppose 2*g = -h + 6*g + 62, r*h - 124 = -3*g. What is the remainder when h is divided by 16?
14
Let h(g) = g**3 - 6*g**2 + 4*g + 7. Suppose 2*o - 3 = 3. Suppose 4*n - p - 65 = 0, -4*n + 29 = -2*n + o*p. What is the remainder when h(6) is divided by n?
15
Let c(a) = -2*a. Calculate the remainder when 2040/35 - 2/7 is divided by c(-10).
18
Suppose 0 = -29*q + 25*q + 124. Calculate the remainder when 60 is divided by q.
29
Let m(v) = 5*v - 23. Calculate the remainder when m(14) is divided by 17.
13
Calculate the remainder when 7 is divided by 4 - (3 - (-3)/(-1)).
3
Let o(a) = a**3 + 4*a**2 - 7*a - 6. Let c be o(-4). Let w = -4 + c. What is the remainder when 68 is divided by w?
14
Let h(m) = 2*m**2 + 2*m + 1. Calculate the remainder when 23 is divided by h(2).
10
Let k = -7 + 12. Let f = -4 - -15. Let v = k + f. What is the remainder when 31 is divided by v?
15
Let q(w) = -w**3 + 9*w**2 - 2. Let c be q(9). Calculate the remainder when 7 is divided by (-1)/c*(12 - 0).
1
What is the remainder when (-15 + 33)/(1/((-6)/(-4))) is divided by 6?
3
Let g be (7 - (1 - 3)) + -3. Let o(l) = -l + 12. Calculate the remainder when 17 is divided by o(g).
5
Let a = 46 + -21. Calculate the remainder when 123 is divided by a.
23
What is the remainder when 35 is divided by (-2 + -2 - -1) + 11 + 11?
16
Suppose 5*r + 15 = 3*t, -2*r + 2*t + 0*t = 2. Let p = r + 12. Let y(z) = -z**2 + 8*z 